e remainder when y is divided by 135?
85
Suppose 235 - 70 = 5*k. Suppose 0 = 13*s - 24*s + 495. Suppose s*u = 3*j + 43*u - 390, u - 381 = -3*j. What is the remainder when j is divided by k?
29
Suppose -j + p + 65 = 0, 4*j - 34 = -11*p + 46. Suppose 211 = 3*l - 2*l. Calculate the remainder when l is divided by j.
52
Let q(l) = 130*l - 1635. Calculate the remainder when 3062 is divided by q(13).
37
Suppose -128*l + 28075 + 18517 = 0. Calculate the remainder when l is divided by 46.
42
Suppose -83*d = -149*d + 77*d - 12419. What is the remainder when 4527 is divided by d?
11
Suppose 4*c - 2*c - h - 65 = 0, -4*h = 2*c - 90. Suppose 3*j = 8*j - c. Suppose 3*m + 72 = 15*m. What is the remainder when j is divided by m?
1
Let p = -5979 + 6063. What is the remainder when 581 is divided by p?
77
Let w = -4052 + 4240. Calculate the remainder when 1691 is divided by w.
187
Suppose 4*l - 4 = 2*l, 5*l - 10 = -w. Suppose 5*o + 0*o = 5*p + 95, w = -4*p. Suppose u - 73 = 18. Calculate the remainder when u is divided by o.
15
Let j(n) = -1. Let l(h) = -h - 8. Let d(u) = 34*j(u) - 6*l(u). Calculate the remainder when 265 is divided by d(4).
37
Let p(m) = m**2 - 19. Let i = 313 + -318. Calculate the remainder when 41 is divided by p(i).
5
Let l(n) = 2*n**2 - 107*n + 621. Suppose 2*z - 5*u - 67 = 0, 6*z = 3*z - 4*u + 112. Calculate the remainder when z is divided by l(47).
6
Suppose 0 = 89*c - 74*c - 1710. Calculate the remainder when c is divided by 25.
14
Suppose 1670*p = 1651*p + 418. Calculate the remainder when 2703 is divided by p.
19
Suppose -o - 3*u = -1, -5*o + 4*o + 21 = -2*u. Let w(c) = c**3 - 14*c**2 + 16*c - 16. What is the remainder when 27/(-9) - 91/(-1) is divided by w(o)?
19
Suppose 4*z - 35 = -s, 56*z - 54*z = -4*s. Calculate the remainder when 3207 is divided by z.
7
Let u = 10746 - 8315. Calculate the remainder when u is divided by 2428.
3
Let o(k) = k**3 - 3*k**2 - 3*k + 4. Suppose 28*s - 29*s = 58. What is the remainder when s/(-3)*(-3)/(-2) is divided by o(4)?
5
Suppose 61*h - 19793 = -1798. What is the remainder when h is divided by 88?
31
Suppose 0 = 6*p + 30, -25*q + 5*p - 3545 = -30*q. Calculate the remainder when q is divided by 185.
159
Let x be 2*((-10)/(-4) - 3)*-7. Suppose 4*d = u + 52, -u + x = 3*d - 25. What is the remainder when 115 is divided by ((-4)/d)/((-2)/(-18)) + 32?
28
Let p = 15 + 4. Let s = 79 - 69. Suppose -2*v + s*v - 600 = 0. Calculate the remainder when v is divided by p.
18
Let z = 269 - 188. Suppose 3*f = -3, -3*p - 3*f + 19 = -f. Suppose 0 = -3*i, 2*i - p*i + 17 = c. What is the remainder when z is divided by c?
13
Suppose -u - n = -2*n - 42, -5*u - n + 210 = 0. Let m = -8 + u. Let z = 11 - -2. What is the remainder when m is divided by z?
8
Suppose 578 - 698 = -10*g. Let v be (7 - 5) + (-1 - -11). Calculate the remainder when (176/v + 1)*3 is divided by g.
11
Let c(g) = -10 + 9*g - 2 + 2*g. Let u(a) = 7*a**2 + 50*a - 45. Let j be u(-8). Calculate the remainder when 52 is divided by c(j).
10
Let d = -3028 - -3119. What is the remainder when 379 is divided by d?
15
Let q = 72 - 71. Calculate the remainder when 79 is divided by (q - -3)*168/32.
16
Let w = -269 - -263. Calculate the remainder when (-252)/70*220/w is divided by 46.
40
Let p = 73608 - 73529. Let d = 532 - 219. Calculate the remainder when d is divided by p.
76
Let v(o) = 33*o**2 - 2*o - 7. Let x(a) = -a**3 - 2*a**2 + a - 1. Let t be x(-2). What is the remainder when v(t) is divided by 9?
8
Suppose 5*a - 3*y = -131 + 473, 3*y = -2*a + 120. Let s = -35 + a. What is the remainder when 586 is divided by s?
28
Suppose -5*j - 3*l = -145, 23*j - 20*j - l - 101 = 0. Let g(n) = n**3 + n**2 + 126. Let b = -4 - -4. Calculate the remainder when g(b) is divided by j.
30
Suppose 38*g + 1640 = 41*g - 5*i, i = -g + 536. What is the remainder when g is divided by 255?
30
Suppose -4*s + 28 = -0*s. Let h be (10/25)/(-1 - (-1848)/1845). Suppose -2*a - 240 + h = 0. What is the remainder when s is divided by a?
1
Let m(s) = -16*s**3 - 12*s**2 - 27*s - 1. What is the remainder when m(-3) is divided by 130?
14
Let k be 35 + -31 + -1 + 278. Suppose 5*m - 209 = k. Calculate the remainder when m is divided by 25.
23
Let l = 176 - 108. Let a = 130 - 131. What is the remainder when l is divided by 12 + (1/a - 3)?
4
Let k = 348 - 332. Suppose -k*i + 18*i = 202. Calculate the remainder when i is divided by 48.
5
Let g(a) = -21*a - 31. Let d be g(-11). Let n = 210 - d. What is the remainder when 109 is divided by n?
9
Suppose i = -4*i + 230. Suppose 844*j + 640 = 852*j. Let w = j - i. Calculate the remainder when w is divided by 18.
16
Suppose -2*o = 10*y - 9*y - 3, 2*y = -2*o + 8. Suppose 4*j - q + 102 = -6*q, 0 = -y*q - 10. Let f = 82 + j. Calculate the remainder when f is divided by 20.
19
Suppose -63*b + 16137 = 21237 - 56445. What is the remainder when b is divided by 48?
47
Calculate the remainder when 484 is divided by (-66)/(-275)*(-45)/18 - 206/(-10).
4
Let y be (-11 - -7)*(-33)/2. Calculate the remainder when (18/(-42))/((-2)/14) + y is divided by 18.
15
Let w(q) = 37*q**3 + 4*q**2 - 19*q + 16. What is the remainder when 748 is divided by w(1)?
26
Suppose -6*u - 80 = 4*u. Let t be 11/(-44) + ((-3138)/u - 2). Suppose 7*k = 170 + t. Calculate the remainder when k is divided by 28.
24
Let b(o) be the third derivative of -13*o**4/12 - 109*o**3/2 + 5*o**2 - 15*o. Calculate the remainder when b(-18) is divided by 4.
1
Suppose 115 = 4*z - 5*h, -3*h + 8*h = -3*z + 60. Suppose 5*m = 6*m + 304. Let n = m - -426. What is the remainder when n is divided by z?
22
Let w be (20/4)/(6 + -5). Suppose 0 = w*q + 10, q = -0*d + d - 187. What is the remainder when d is divided by 27?
23
Suppose 0 = 2*h - 7*h + m + 423, 2*m = -6. Suppose -51*l = -1644 + 522. What is the remainder when h is divided by l?
18
Calculate the remainder when 555 is divided by 8 - (4 - (6/(-6))/(1/(-2))).
3
Suppose -6*w + 2*w = -172. Let c(o) = -3*o**2 - 24*o + 46. Calculate the remainder when c(-6) is divided by w.
39
Suppose 4*n + 2*r - 122 = 0, 11*n = 14*n + 5*r - 123. What is the remainder when (-668)/(-14) - 4/(-14) is divided by n?
22
Let m(y) = y**2 - y - 61. Suppose -4*k - 73 = -2*s - 3*s, 0 = -5*s + 5*k + 70. What is the remainder when m(11) is divided by s?
15
Suppose -95 - 87 = -2*s. Let d(g) = 15*g - 70. Let n be d(5). Suppose 0 = -4*c + n*c - 31. Calculate the remainder when s is divided by c.
29
Suppose 5*v - 12*a - 87 = -11*a, -5*a = 10. Calculate the remainder when 627 is divided by v.
15
Suppose -93*r + 141 = -140*r. Suppose 0 = -5*h + 18 + 47. Let q = h - r. What is the remainder when 78 is divided by q?
14
Let y = 136 - 89. Suppose -2*c - 2*o - o - 53 = 0, -3*c - 2*o - 92 = 0. Let t = 42 + c. What is the remainder when y is divided by t?
7
Let a = -23508 - -23721. What is the remainder when 1487 is divided by a?
209
Let r = 551 - 351. Let m = r - 163. Calculate the remainder when 130 is divided by m.
19
Let f(l) = l**2 + 11*l + 15. Let u be (-172)/14 - 18/(-63). What is the remainder when 401 is divided by f(u)?
23
Let c(l) = -2*l + 27*l - 347 + 312. Calculate the remainder when c(4) is divided by 14.
9
Let t be ((-12)/14)/((-9)/63). Suppose 14*w = 17*w - t. Suppose -5*f = -4*o - 153, -w*o - 73 = 3*f - 178. Calculate the remainder when f is divided by 7.
5
Suppose -5*k = -0*m - 4*m + 219, 4*m + 3*k = 195. Suppose -5*r - 16 - 24 = 5*i, 5*i - 3*r - 40 = 0. What is the remainder when m is divided by i?
1
Let k(y) = 7 + y**2 + 0 + 9*y - y - 2*y**3. Let n(v) = 188*v - 379. Let b be n(2). Calculate the remainder when k(b) is divided by 24.
22
Let o(y) = 9*y**2 - 9*y + 34. What is the remainder when o(6) is divided by 144?
16
Suppose -a + 99 = 3. Let z = a + -66. Suppose 7 = -q + z. Calculate the remainder when 113 is divided by q.
21
Let g(u) = 64*u - 186. Let r(s) = 89*s**2 - 1. Calculate the remainder when r(-1) is divided by g(3).
4
Let t(j) = 171*j - 1998. Calculate the remainder when 106 is divided by t(12).
52
Let l = -169 + 131. Let n = 47 + l. What is the remainder when ((-1)/1*7 - -2)*-2 is divided by n?
1
Let t = 104 - 105. Let i be (387/9)/(t/(-25)). Suppose -2*k = -7*k + i. What is the remainder when k is divided by 54?
53
Suppose -2*t = -5*h + 319, 0 = 2*h + 2*h - t - 254. Let y = h + -45